. Calculate s(52).
486
Let f(b) = 2*b**2 + 123*b - 1296. Determine f(9).
-27
Let l(v) = v**3 - 15*v**2 - 57*v + 397. Give l(17).
6
Let w(j) = 169*j - 50. What is w(-2)?
-388
Let d(i) = 91*i**3 + i**2 + 225*i + 225. Give d(-1).
-90
Let g(v) = -2*v**2 - 29*v + 10. Determine g(-7).
115
Let a(q) = q - 77. Give a(-18).
-95
Let s(u) = 5*u**3 + 7*u**2 - 6*u + 4. Calculate s(-3).
-50
Let t(m) = 3810*m + 19055. Determine t(-5).
5
Let h(w) = -14*w - 478. Give h(-14).
-282
Let q(z) = -41*z + 202. Calculate q(5).
-3
Let w(b) = -b**3 + 27*b**2 - 27*b - 10. What is w(26)?
-36
Let v(g) = 35*g**3 - g**2 + 29*g - 27. Determine v(1).
36
Let m(h) = 9*h**2 - 48*h - 450. Determine m(-8).
510
Let w(d) = -241*d + 6510. Give w(27).
3
Let p(a) = -3*a**2 + 83*a + 578. Give p(-6).
-28
Let n(h) = 406*h - 6098. Calculate n(15).
-8
Let u(g) = -g**3 - 51*g**2 - 379*g - 44. Give u(-42).
-2
Let j(w) = -55*w + 432. What is j(5)?
157
Let v(w) = -w**3 - 15*w**2 - 6*w + 176. Calculate v(-14).
64
Let z(l) = -l**3 + 30*l**2 + 4266*l - 164. Determine z(82).
0
Let j(d) = d**3 - 26*d**2 - 400*d - 270. Determine j(37).
-11
Let f(t) = 3*t**3 + 2*t**2 - 15*t - 111. Determine f(-4).
-211
Let n(r) = -82*r - 34. Calculate n(-7).
540
Let n(i) = 2*i**3 - 34*i**2 + 16*i - 1068. Determine n(18).
-132
Let m(w) = -w**2 + 919*w - 2750. Determine m(3).
-2
Let i(w) = -w**3 + 19*w**2 - 43*w + 154. Determine i(17).
1
Let y(z) = 25*z**2 + 2*z + 63. Give y(0).
63
Let r(q) = 2*q**3 - 105*q**2 + 143*q + 616. What is r(51)?
106
Let m(z) = -39*z - 943. Give m(-24).
-7
Let a(w) = w**2 - 25*w - 107. What is a(14)?
-261
Let v(s) = -3*s**2 + 34*s + 46. Calculate v(12).
22
Let d(y) = -22*y + 726. What is d(21)?
264
Let h(j) = -j**2 - 39*j + 145. What is h(-42)?
19
Let a(o) = -3*o**2 - 109*o - 138. What is a(-34)?
100
Let g(n) = -n**2 + 72*n - 867. Determine g(57).
-12
Let b(h) = 63*h - 52. Determine b(1).
11
Let k(o) = o**2 - 42*o - 791. Determine k(-14).
-7
Let u(n) = 3*n**3 + 80*n**2 - 35*n - 219. Calculate u(-27).
-3
Let y(t) = -9*t**2 + 54*t + 3. Give y(6).
3
Let y(b) = -b**2 + 1168*b + 4690. Calculate y(-4).
2
Let k(v) = -v**3 - 6*v**2 + 5*v + 4. Determine k(0).
4
Let f(i) = 1243*i - 2488. Give f(2).
-2
Let k(n) = 33*n**2 - 4*n + 1. Determine k(-4).
545
Let n(j) = -7*j**2 - 159*j - 113. Give n(-22).
-3
Let f(v) = -3*v**2 - 3*v + 400. Give f(0).
400
Let y(p) = 21*p**2 + 267*p - 3. Calculate y(-12).
-183
Let u(a) = a**3 - 15*a**2 - 231*a + 1700. What is u(22)?
6
Let b(r) = -r**2 - 73*r - 1071. Give b(-16).
-159
Let a(q) = -q**2 - 9*q - 126. Calculate a(-13).
-178
Let s(h) = h**2 + 57*h - 778. What is s(-70)?
132
Let j(h) = -h**3 - 52*h**2 + 271*h - 793. Give j(-57).
5
Let n(z) = 2*z + 36. What is n(-16)?
4
Let h(n) = 339*n - 197. Determine h(-1).
-536
Let l(n) = -6*n**3 + 22*n**2 - 27*n + 100. Calculate l(4).
-40
Let q(d) = 116*d + 10. Calculate q(-1).
-106
Let k(y) = 2*y**3 - 143*y**2 - 76*y + 251. Calculate k(72).
-37
Let g(i) = i**3 + 32*i**2 + 64*i + 79. Calculate g(-30).
-41
Let p(s) = -s**3 - 140*s**2 + 270*s - 2001. Determine p(-142).
-13
Let s(g) = -g**3 - 83*g**2 + 307*g + 18736. Determine s(-84).
4
Let r(g) = 60*g**2 - 602*g + 6. Determine r(10).
-14
Let n(m) = 2*m**3 + 62*m**2 - 1894*m + 311. Calculate n(-50).
11
Let h(j) = j**3 + 44*j**2 + 84*j - 31. What is h(-42)?
-31
Let v(a) = 132*a**2 - 63*a - 63. Determine v(-1).
132
Let z(p) = -89*p - 3932. What is z(-44)?
-16
Let a(l) = 3*l**3 - 4*l**2 - 3*l + 2. Determine a(2).
4
Let w(g) = -179*g - 17527. Calculate w(-98).
15
Let b(k) = -6*k**2 + 124*k - 50. Give b(22).
-226
Let q(y) = -5*y**3 + 39*y**2 + 5*y + 30. Determine q(8).
6
Let i(h) = h**3 + 5*h**2 + 4*h + 3. What is i(-4)?
3
Let o(n) = -14*n**2 - 798*n + 9. Give o(-57).
9
Let q(b) = -3*b**3 + 103*b**2 - 45*b + 162. Determine q(34).
-212
Let t(d) = d**2 - 35*d - 376. Give t(40).
-176
Let h(u) = -10*u**3 - 6*u**2 + u + 5. Calculate h(2).
-97
Let w(z) = 56*z + 35. What is w(0)?
35
Let u(j) = -111*j + 544. What is u(5)?
-11
Let y(q) = 24*q + 69. What is y(-4)?
-27
Let b(t) = -33*t - 97. Calculate b(12).
-493
Let o(r) = 2*r**3 + 11*r**2 - 12*r - 61. Calculate o(-4).
35
Let f(g) = -20*g + 64. Give f(-2).
104
Let s(f) = -4*f + 100. Give s(46).
-84
Let s(t) = 2*t**3 - 41*t**2 - 1442*t - 34. Calculate s(39).
5
Let j(m) = 42*m + 479. Calculate j(-11).
17
Let f(x) = -63*x - 95. Give f(-10).
535
Let y(i) = -2*i**3 - 10*i**2 + 45*i + 227. What is y(-5)?
2
Let k(n) = 2*n + 268. Give k(-25).
218
Let o(q) = -3*q**3 + 36*q**2 + 41*q + 24. Calculate o(13).
50
Let r(i) = -12*i**2 - 73*i - 319. What is r(-4)?
-219
Let n(l) = -6*l - 51. What is n(11)?
-117
Let j(t) = 56*t**3 + 4*t - 2. What is j(1)?
58
Let z(q) = -844*q**2 - 7*q - 7. Give z(0).
-7
Let w(l) = -27*l**2 - 889*l + 80. Determine w(-33).
14
Let w(h) = 2*h**3 - 21*h**2 + 11*h + 37. Give w(9).
-107
Let j(i) = -i**2 + 15*i + 245. Give j(27).
-79
Let d(y) = 6*y**2 - 148*y + 568. Calculate d(20).
8
Let f(t) = 6262*t - 6271. Determine f(1).
-9
Let i(g) = 57*g + 219. What is i(-5)?
-66
Let f(p) = 843*p + 12650. Calculate f(-15).
5
Let b(v) = 50*v**3 - 99*v**2 - 4*v + 1. What is b(2)?
-3
Let x(d) = -99*d**3 - 2*d**2 - 208*d - 207. What is x(-1)?
98
Let t(q) = -18*q - 757. Calculate t(-44).
35
Let w(v) = -7*v**2 + 34*v - 17. What is w(5)?
-22
Let b(f) = -f**2 - 255*f + 48020. Calculate b(126).
14
Let z(p) = p**3 - 35*p**2 + 30*p + 147. Determine z(34).
11
Let o(d) = -d**3 - 38*d**2 - 51*d - 536. Determine o(-37).
-18
Let y(t) = -t**2 - 106*t - 2779. Give y(-47).
-6
Let m(k) = 120*k**2 - 2141*k - 341. Give m(18).
1
Let z(j) = -j + 57. Determine z(23).
34
Let c(h) = -1209*h + 53202. What is c(44)?
6
Let i(c) = 381*c + 3835. Give i(-10).
25
Let h(a) = 7*a**3 - 5*a**2 + 21*a - 31. What is h(2)?
47
Let o(d) = -111*d - 5098. What is o(-50)?
452
Let j(k) = k**3 - k**2 + 3*k - 21. Give j(5).
94
Let u(y) = 142*y**2 + 14*y - 14. Calculate u(1).
142
Let l(j) = j**3 - 149*j**2 + 434*j - 3. Calculate l(3).
-15
Let a(r) = 192*r - 8427. Give a(44).
21
Let o(m) = 100*m + 182. Give o(-1).
82
Let b(t) = 78*t + 1621. Determine b(-22).
-95
Let i(c) = -c**2 - 31*c - 262. Determine i(-38).
-528
Let y(k) = 4*k**3 - 3*k**2 - 255*k - 254. Give y(-1).
-6
Let z(f) = -51*f + 275. Give z(6).
-31
Let a(i) = i**2 + 20*i + 59. What is a(-9)?
-40
Let z(m) = 3*m**3 + 255*m**2 + 2441*m - 13. Determine z(-11).
-2
Let a(o) = -59*o**3 + 3*o**2 + 215*o + 213. Determine a(-1).
60
Let b(r) = -6*r**2 + 8*r - 89. Calculate b(9).
-503
Let m(c) = -2*c**3 - 11*c**2 + 151*c + 497. Calculate m(-3).
-1
Let n(z) = -z**3 - 6*z**2 + 69*z + 423. Determine n(-6).
9
Let v(u) = -20*u - 57. Calculate v(2).
-97
Let y(f) = f**2 - 61*f + 516. What is y(21)?
-324
Let q(h) = 179*h + 41773. Determine q(-233).
66
Let x(b) = 35*b - 729. What is x(32)?
391
Let k(w) = -79*w - 768. What is k(-9)?
-57
Let r(i) = -4*i**2 - 11*i - 8. Give r(-3).
-11
Let q(j) = j**3 - 8*j**2 - 113*j + 905. What is q(7)?
65
Let c(y) = y**3 + 33*y**2 + 39*y + 3. Determine c(-32).
-221
Let p(i) = -13*i**3 - 3*i**2 + 7*i - 7. Give p(2).
-109
Let l(b) = -b**3 - 44*b**2 - 13*b - 2606. Determine l(-45).
4
Let n(a) = 7*a**2 - 323*a + 45. Give n(46).
-1
Let l(o) = -3*o**3 + 16*o**2 + 6*o + 32. Determine l(6).
-4
Let r(n) = n**3 - 36*n**2 - 32*n - 161. Calculate r(37).
24
Let g(v) = v**3 + 28*v**2 + 31. What is g(-28)?
31
Let k(a) = -a**3 - 108*a**2 + 565*a + 3. Determine k(-113).
3
Let r(k) = -k**3 - 4*k**2 - 32*k - 74. Calculate r(-3).
13
Let d(w) = -5*w**2 + 11*w + 40. Calculate d(-2).
-2
Let m(r) = r**2 + 157*r + 5811. Calculate m(-97).
-9
Let q(m) = -m**2 + 7*m + 44. Give q(12).
-16
Let v(m) = 6*m**3 + 42*m**2 - m - 13. Give v(-7).
-6
Let o(q) = -8324*q - 83233. Calculate o(-10).
7
Let b(n) = -n**3 + 16*n**2 + 53*n - 619. Give b(17).
-7
Let f(j) = -611*j + 16. Give f(0).
16
Let b(j) = -j**3 - 7*j**2 + 21*j + 22. Determine b(-9).
-5
Let x(d) = 15*d + 464. Give x(-32).
-16
Let w(d) = d**3 + 30*d**2 - 238*d - 14. Give w(7).
133
Let g(h) = -645*h + 7096. Calculate g(11).
1
Let t(x) = x**3 - 3*x**2 + 16*x - 57. Give t(4).
23
Let u(z) = z**3 + 16*z**2 - 65*z - 298. Determine u(-19).
-146
Let p(g) = -2*g**3 + 2*g**2 + 2*g + 193. Determine p(5).
3
Let n(i) = -19*i - 1433. What is n(-75)?
-8
Let o(d) = 210*d - 2333. Give o(11).
-23
Let v(x) = -113*x - 541. Gi